{"id":103,"date":"2024-02-10T14:03:35","date_gmt":"2024-02-10T14:03:35","guid":{"rendered":"https:\/\/josteit-rohrreinigung.de\/?page_id=103"},"modified":"2024-02-23T16:59:14","modified_gmt":"2024-02-23T16:59:14","slug":"hochdruckreinigung","status":"publish","type":"page","link":"https:\/\/josteit-rohrreinigung.de\/?page_id=103","title":{"rendered":"Hochdruckreinigung"},"content":{"rendered":"<p>Abwassersysteme haben die Aufgabe, Schmutz- und Regenwasser abzuleiten. Im Verlauf der Zeit sammeln sich in den Rohrleitungen verschiedene Ablagerungen an, die den ungehinderten Abfluss des Abwassers behindern k\u00f6nnen.<\/p>\n<p>Um sicherzustellen, dass die Leitungen kontinuierlich eine optimale Transportkapazit\u00e4t aufweisen oder um akute Probleme zu l\u00f6sen, kann eine Hochdrucksp\u00fclung erforderlich sein. Dabei wird ein Hochdruckschlauch entweder durch einen Abwasserschacht oder eine Reinigungs\u00f6ffnung direkt in die Abwasserleitung eingef\u00fchrt und an die Ursache der Verstopfung gef\u00fchrt. Mittels hohen Wasserdrucks werden Feststoffe, Fett- und F\u00e4kalschl\u00e4mme sowie Ablagerungen aus den Leitungen gesp\u00fclt, wodurch Abflussbehinderungen entfernt werden.<\/p>\n<style>#jtg-155 .modula-item .jtg-social a, .lightbox-socials.jtg-social a{ color: #ffffff }#jtg-155 .modula-item .jtg-social svg, .lightbox-socials.jtg-social svg { height: 16px; width: 16px }#jtg-155 .modula-item .jtg-social a:not(:last-child), .lightbox-socials.jtg-social a:not(:last-child) { margin-right: 10px }#jtg-155 .modula-item .figc {color:#ffffff;}#jtg-155 .modula-item .modula-item-content { transform: scale(1) }#jtg-155 { width:100%;}#jtg-155 .modula-items .figc p.description { font-size:14px; }#jtg-155 .modula-items .figc p.description { color:#ffffff;}#jtg-155.modula-gallery .modula-item > a, #jtg-155.modula-gallery .modula-item, #jtg-155.modula-gallery .modula-item-content > a:not(.modula-no-follow) { cursor:zoom-in; } #jtg-155.modula-gallery .modula-item-content .modula-no-follow { cursor: default; } @media screen and (max-width:480px){#jtg-155 .modula-item .figc .jtg-title {  font-size: 12px; }#jtg-155 .modula-items .figc p.description { color:#ffffff;font-size:10px; }}<\/style>\n<!-- Gallery Container -->\n<div  id=\"jtg-155\" class=\"modula modula-gallery modula-columns\" data-config=\"{&quot;tabletHeight&quot;:800,&quot;mobileHeight&quot;:800,&quot;desktopHeight&quot;:800,&quot;enableTwitter&quot;:false,&quot;enableWhatsapp&quot;:false,&quot;enableFacebook&quot;:false,&quot;enablePinterest&quot;:false,&quot;enableLinkedin&quot;:false,&quot;enableEmail&quot;:false,&quot;randomFactor&quot;:0.5,&quot;type&quot;:&quot;grid&quot;,&quot;columns&quot;:12,&quot;gutter&quot;:10,&quot;mobileGutter&quot;:10,&quot;tabletGutter&quot;:10,&quot;desktopGutter&quot;:10,&quot;enableResponsive&quot;:&quot;0&quot;,&quot;tabletColumns&quot;:2,&quot;mobileColumns&quot;:1,&quot;lazyLoad&quot;:true,&quot;lightboxOpts&quot;:{&quot;loop&quot;:false,&quot;arrows&quot;:true,&quot;toolbar&quot;:true,&quot;keyboard&quot;:true,&quot;wheel&quot;:false,&quot;buttons&quot;:[&quot;close&quot;],&quot;hash&quot;:false,&quot;lang&quot;:&quot;en&quot;,&quot;touch&quot;:false,&quot;protect&quot;:false,&quot;i18n&quot;:{&quot;en&quot;:{&quot;CLOSE&quot;:&quot;Close&quot;,&quot;NEXT&quot;:&quot;Next&quot;,&quot;PREV&quot;:&quot;Previous&quot;,&quot;Error&quot;:&quot;The requested content cannot be loaded. Please try again later.&quot;,&quot;PLAY_START&quot;:&quot;Start slideshow&quot;,&quot;PLAY_STOP&quot;:&quot;Pause slideshow&quot;,&quot;FULL_SCREEN&quot;:&quot;Full screen&quot;,&quot;THUMBS&quot;:&quot;Thumbnails&quot;,&quot;DOWNLOAD&quot;:&quot;Download&quot;,&quot;SHARE&quot;:&quot;Share&quot;,&quot;ZOOM&quot;:&quot;Zoom&quot;}},&quot;clickSlide&quot;:false,&quot;clickOutside&quot;:false,&quot;dblclickContent&quot;:false,&quot;dblclickSlide&quot;:false,&quot;dblclickOutside&quot;:false,&quot;clickContent&quot;:false,&quot;baseTpl&quot;:&quot;&lt;div class=\\&quot;modula-fancybox-container modula-lightbox-jtg-155\\&quot; role=\\&quot;dialog\\&quot; tabindex=\\&quot;-1\\&quot;&gt;&lt;div class=\\&quot;modula-fancybox-bg\\&quot;&gt;&lt;\\\/div&gt;&lt;div class=\\&quot;modula-fancybox-inner\\&quot;&gt;&lt;div class=\\&quot;modula-fancybox-infobar\\&quot;&gt;&lt;span data-fancybox-index&gt;&lt;\\\/span&gt;&nbsp;\\\/&nbsp;&lt;span data-fancybox-count&gt;&lt;\\\/span&gt;&lt;\\\/div&gt;&lt;div class=\\&quot;modula-fancybox-toolbar\\&quot;&gt;{{buttons}}&lt;\\\/div&gt;&lt;div class=\\&quot;modula-fancybox-navigation\\&quot;&gt;{{arrows}}&lt;\\\/div&gt;&lt;div class=\\&quot;modula-fancybox-stage\\&quot;&gt;&lt;\\\/div&gt;&lt;div class=\\&quot;modula-fancybox-caption\\&quot;&gt;&lt;div class=\\&quot;modula-fancybox-caption__body\\&quot;&gt;&lt;\\\/div&gt;&lt;\\\/div&gt;&lt;\\\/div&gt;&lt;\\\/div&gt;&quot;},&quot;inView&quot;:false,&quot;email_subject&quot;:&quot;Check out this awesome image !!&quot;,&quot;email_message&quot;:&quot;Here is the link to the image : %%image_link%% and this is the link to the gallery : %%gallery_link%%&quot;,&quot;grid_type&quot;:&quot;automatic&quot;,&quot;rowHeight&quot;:250,&quot;lastRow&quot;:&quot;justify&quot;,&quot;lightbox&quot;:&quot;fancybox&quot;}\">\n\n\t\n\t<!-- Items Container -->\n\t<div  class=\"modula-items grid-gallery\">\n\t\t<div class=\"modula-item effect-pufrobo\" >\n\t<div class=\"modula-item-overlay\"><\/div>\n\n\t<div class=\"modula-item-content\">\n\n\t\t\t\t\n\t\t\t\t\t<a data-image-id=\"354\" rel=\"jtg-155\" data-caption=\"\" aria-label=\"Open image in lightbox\" class=\"tile-inner modula-item-link\"><\/a>\n\t\t\n\t\t<img class=\"pic wp-image-354 lazyload\"  data-valign=\"middle\" data-halign=\"center\" alt=\"\" data-full=\"https:\/\/josteit-rohrreinigung.de\/wp-content\/uploads\/2024\/11\/IMG_0294_2.jpg\" title=\"IMG_0294_2\" width=\"225\" height=\"300\" data-src=\"https:\/\/josteit-rohrreinigung.de\/wp-content\/uploads\/2024\/11\/IMG_0294_2-225x300.jpg\" data-caption=\"\" data-source=\"modula\" data-srcset=\"https:\/\/josteit-rohrreinigung.de\/wp-content\/uploads\/2024\/11\/IMG_0294_2-scaled.jpg 1920w, https:\/\/josteit-rohrreinigung.de\/wp-content\/uploads\/2024\/11\/IMG_0294_2-scaled-225x300.jpg 225w, https:\/\/josteit-rohrreinigung.de\/wp-content\/uploads\/2024\/11\/IMG_0294_2-768x1024.jpg 768w, https:\/\/josteit-rohrreinigung.de\/wp-content\/uploads\/2024\/11\/IMG_0294_2-1152x1536.jpg 1152w, https:\/\/josteit-rohrreinigung.de\/wp-content\/uploads\/2024\/11\/IMG_0294_2-1536x2048.jpg 1536w\" data-sizes=\"(max-width: 225px) 100vw, 225px\" srcset=\"https:\/\/josteit-rohrreinigung.de\/wp-content\/uploads\/2024\/11\/IMG_0294_2-225x300.jpg 225w, https:\/\/josteit-rohrreinigung.de\/wp-content\/uploads\/2024\/11\/IMG_0294_2-768x1024.jpg 768w, https:\/\/josteit-rohrreinigung.de\/wp-content\/uploads\/2024\/11\/IMG_0294_2-1152x1536.jpg 1152w, https:\/\/josteit-rohrreinigung.de\/wp-content\/uploads\/2024\/11\/IMG_0294_2-1536x2048.jpg 1536w, https:\/\/josteit-rohrreinigung.de\/wp-content\/uploads\/2024\/11\/IMG_0294_2-scaled.jpg 1920w\" sizes=\"(max-width: 225px) 100vw, 225px\" \/>\n\t\t<div class=\"figc no-description\">\n\t\t\t<div class=\"figc-inner\">\n\t\t\t\t\t\t\t\t\t\t\t\t\t\t\t<\/div>\n\t\t<\/div>\n\n\t<\/div>\n\n<\/div><div class=\"modula-item effect-pufrobo\" >\n\t<div class=\"modula-item-overlay\"><\/div>\n\n\t<div class=\"modula-item-content\">\n\n\t\t\t\t\n\t\t\t\t\t<a data-image-id=\"355\" rel=\"jtg-155\" data-caption=\"\" aria-label=\"Open image in lightbox\" class=\"tile-inner modula-item-link\"><\/a>\n\t\t\n\t\t<img class=\"pic wp-image-355 lazyload\"  data-valign=\"middle\" data-halign=\"center\" alt=\"\" data-full=\"https:\/\/josteit-rohrreinigung.de\/wp-content\/uploads\/2024\/11\/IMG_0295_2.jpg\" title=\"IMG_0295_2\" width=\"225\" height=\"300\" data-src=\"https:\/\/josteit-rohrreinigung.de\/wp-content\/uploads\/2024\/11\/IMG_0295_2-225x300.jpg\" data-caption=\"\" data-source=\"modula\" data-srcset=\"https:\/\/josteit-rohrreinigung.de\/wp-content\/uploads\/2024\/11\/IMG_0295_2-scaled.jpg 1920w, https:\/\/josteit-rohrreinigung.de\/wp-content\/uploads\/2024\/11\/IMG_0295_2-scaled-225x300.jpg 225w, https:\/\/josteit-rohrreinigung.de\/wp-content\/uploads\/2024\/11\/IMG_0295_2-768x1024.jpg 768w, https:\/\/josteit-rohrreinigung.de\/wp-content\/uploads\/2024\/11\/IMG_0295_2-1152x1536.jpg 1152w, https:\/\/josteit-rohrreinigung.de\/wp-content\/uploads\/2024\/11\/IMG_0295_2-1536x2048.jpg 1536w\" data-sizes=\"(max-width: 225px) 100vw, 225px\" srcset=\"https:\/\/josteit-rohrreinigung.de\/wp-content\/uploads\/2024\/11\/IMG_0295_2-225x300.jpg 225w, https:\/\/josteit-rohrreinigung.de\/wp-content\/uploads\/2024\/11\/IMG_0295_2-768x1024.jpg 768w, https:\/\/josteit-rohrreinigung.de\/wp-content\/uploads\/2024\/11\/IMG_0295_2-1152x1536.jpg 1152w, https:\/\/josteit-rohrreinigung.de\/wp-content\/uploads\/2024\/11\/IMG_0295_2-1536x2048.jpg 1536w, https:\/\/josteit-rohrreinigung.de\/wp-content\/uploads\/2024\/11\/IMG_0295_2-scaled.jpg 1920w\" sizes=\"(max-width: 225px) 100vw, 225px\" \/>\n\t\t<div class=\"figc no-description\">\n\t\t\t<div class=\"figc-inner\">\n\t\t\t\t\t\t\t\t\t\t\t\t\t\t\t<\/div>\n\t\t<\/div>\n\n\t<\/div>\n\n<\/div><div class=\"modula-item effect-pufrobo\" >\n\t<div class=\"modula-item-overlay\"><\/div>\n\n\t<div class=\"modula-item-content\">\n\n\t\t\t\t\n\t\t\t\t\t<a data-image-id=\"356\" rel=\"jtg-155\" data-caption=\"\" aria-label=\"Open image in lightbox\" class=\"tile-inner modula-item-link\"><\/a>\n\t\t\n\t\t<img class=\"pic wp-image-356 lazyload\"  data-valign=\"middle\" data-halign=\"center\" alt=\"\" data-full=\"https:\/\/josteit-rohrreinigung.de\/wp-content\/uploads\/2024\/11\/IMG_0461_2.jpg\" title=\"IMG_0461_2\" width=\"225\" height=\"300\" data-src=\"https:\/\/josteit-rohrreinigung.de\/wp-content\/uploads\/2024\/11\/IMG_0461_2-225x300.jpg\" data-caption=\"\" data-source=\"modula\" data-srcset=\"https:\/\/josteit-rohrreinigung.de\/wp-content\/uploads\/2024\/11\/IMG_0461_2-scaled.jpg 1920w, https:\/\/josteit-rohrreinigung.de\/wp-content\/uploads\/2024\/11\/IMG_0461_2-scaled-225x300.jpg 225w, https:\/\/josteit-rohrreinigung.de\/wp-content\/uploads\/2024\/11\/IMG_0461_2-768x1024.jpg 768w, https:\/\/josteit-rohrreinigung.de\/wp-content\/uploads\/2024\/11\/IMG_0461_2-1152x1536.jpg 1152w, https:\/\/josteit-rohrreinigung.de\/wp-content\/uploads\/2024\/11\/IMG_0461_2-1536x2048.jpg 1536w\" data-sizes=\"(max-width: 225px) 100vw, 225px\" srcset=\"https:\/\/josteit-rohrreinigung.de\/wp-content\/uploads\/2024\/11\/IMG_0461_2-225x300.jpg 225w, https:\/\/josteit-rohrreinigung.de\/wp-content\/uploads\/2024\/11\/IMG_0461_2-768x1024.jpg 768w, https:\/\/josteit-rohrreinigung.de\/wp-content\/uploads\/2024\/11\/IMG_0461_2-1152x1536.jpg 1152w, https:\/\/josteit-rohrreinigung.de\/wp-content\/uploads\/2024\/11\/IMG_0461_2-1536x2048.jpg 1536w, https:\/\/josteit-rohrreinigung.de\/wp-content\/uploads\/2024\/11\/IMG_0461_2-scaled.jpg 1920w\" sizes=\"(max-width: 225px) 100vw, 225px\" \/>\n\t\t<div class=\"figc no-description\">\n\t\t\t<div class=\"figc-inner\">\n\t\t\t\t\t\t\t\t\t\t\t\t\t\t\t<\/div>\n\t\t<\/div>\n\n\t<\/div>\n\n<\/div><div class=\"modula-item effect-pufrobo\" >\n\t<div class=\"modula-item-overlay\"><\/div>\n\n\t<div class=\"modula-item-content\">\n\n\t\t\t\t\n\t\t\t\t\t<a data-image-id=\"357\" rel=\"jtg-155\" data-caption=\"\" aria-label=\"Open image in lightbox\" class=\"tile-inner modula-item-link\"><\/a>\n\t\t\n\t\t<img class=\"pic wp-image-357 lazyload\"  data-valign=\"middle\" data-halign=\"center\" alt=\"\" data-full=\"https:\/\/josteit-rohrreinigung.de\/wp-content\/uploads\/2024\/11\/IMG_0992.jpg\" title=\"IMG_0992\" width=\"300\" height=\"225\" data-src=\"https:\/\/josteit-rohrreinigung.de\/wp-content\/uploads\/2024\/11\/IMG_0992-300x225.jpg\" data-caption=\"\" data-source=\"modula\" data-srcset=\"https:\/\/josteit-rohrreinigung.de\/wp-content\/uploads\/2024\/11\/IMG_0992-scaled.jpg 2560w, https:\/\/josteit-rohrreinigung.de\/wp-content\/uploads\/2024\/11\/IMG_0992-scaled-300x225.jpg 300w, https:\/\/josteit-rohrreinigung.de\/wp-content\/uploads\/2024\/11\/IMG_0992-1024x768.jpg 1024w, https:\/\/josteit-rohrreinigung.de\/wp-content\/uploads\/2024\/11\/IMG_0992-768x576.jpg 768w, https:\/\/josteit-rohrreinigung.de\/wp-content\/uploads\/2024\/11\/IMG_0992-1536x1152.jpg 1536w, https:\/\/josteit-rohrreinigung.de\/wp-content\/uploads\/2024\/11\/IMG_0992-2048x1536.jpg 2048w\" data-sizes=\"(max-width: 300px) 100vw, 300px\" srcset=\"https:\/\/josteit-rohrreinigung.de\/wp-content\/uploads\/2024\/11\/IMG_0992-300x225.jpg 300w, https:\/\/josteit-rohrreinigung.de\/wp-content\/uploads\/2024\/11\/IMG_0992-1024x768.jpg 1024w, https:\/\/josteit-rohrreinigung.de\/wp-content\/uploads\/2024\/11\/IMG_0992-768x576.jpg 768w, https:\/\/josteit-rohrreinigung.de\/wp-content\/uploads\/2024\/11\/IMG_0992-1536x1152.jpg 1536w, https:\/\/josteit-rohrreinigung.de\/wp-content\/uploads\/2024\/11\/IMG_0992-2048x1536.jpg 2048w\" sizes=\"(max-width: 300px) 100vw, 300px\" \/>\n\t\t<div class=\"figc no-description\">\n\t\t\t<div class=\"figc-inner\">\n\t\t\t\t\t\t\t\t\t\t\t\t\t\t\t<\/div>\n\t\t<\/div>\n\n\t<\/div>\n\n<\/div><div class=\"modula-item effect-pufrobo\" >\n\t<div class=\"modula-item-overlay\"><\/div>\n\n\t<div class=\"modula-item-content\">\n\n\t\t\t\t\n\t\t\t\t\t<a data-image-id=\"358\" rel=\"jtg-155\" data-caption=\"\" aria-label=\"Open image in lightbox\" class=\"tile-inner modula-item-link\"><\/a>\n\t\t\n\t\t<img class=\"pic wp-image-358 lazyload\"  data-valign=\"middle\" data-halign=\"center\" alt=\"\" data-full=\"https:\/\/josteit-rohrreinigung.de\/wp-content\/uploads\/2024\/11\/IMG_1429.jpeg\" title=\"IMG_1429\" width=\"300\" height=\"225\" data-src=\"https:\/\/josteit-rohrreinigung.de\/wp-content\/uploads\/2024\/11\/IMG_1429-300x225.jpeg\" data-caption=\"\" data-source=\"modula\" data-srcset=\"https:\/\/josteit-rohrreinigung.de\/wp-content\/uploads\/2024\/11\/IMG_1429-scaled.jpeg 2560w, https:\/\/josteit-rohrreinigung.de\/wp-content\/uploads\/2024\/11\/IMG_1429-scaled-300x225.jpeg 300w, https:\/\/josteit-rohrreinigung.de\/wp-content\/uploads\/2024\/11\/IMG_1429-1024x768.jpeg 1024w, https:\/\/josteit-rohrreinigung.de\/wp-content\/uploads\/2024\/11\/IMG_1429-768x576.jpeg 768w, https:\/\/josteit-rohrreinigung.de\/wp-content\/uploads\/2024\/11\/IMG_1429-1536x1152.jpeg 1536w, https:\/\/josteit-rohrreinigung.de\/wp-content\/uploads\/2024\/11\/IMG_1429-2048x1536.jpeg 2048w\" data-sizes=\"(max-width: 300px) 100vw, 300px\" srcset=\"https:\/\/josteit-rohrreinigung.de\/wp-content\/uploads\/2024\/11\/IMG_1429-300x225.jpeg 300w, https:\/\/josteit-rohrreinigung.de\/wp-content\/uploads\/2024\/11\/IMG_1429-1024x768.jpeg 1024w, https:\/\/josteit-rohrreinigung.de\/wp-content\/uploads\/2024\/11\/IMG_1429-768x576.jpeg 768w, https:\/\/josteit-rohrreinigung.de\/wp-content\/uploads\/2024\/11\/IMG_1429-1536x1152.jpeg 1536w, https:\/\/josteit-rohrreinigung.de\/wp-content\/uploads\/2024\/11\/IMG_1429-2048x1536.jpeg 2048w\" sizes=\"(max-width: 300px) 100vw, 300px\" \/>\n\t\t<div class=\"figc no-description\">\n\t\t\t<div class=\"figc-inner\">\n\t\t\t\t\t\t\t\t\t\t\t\t\t\t\t<\/div>\n\t\t<\/div>\n\n\t<\/div>\n\n<\/div><div class=\"modula-item effect-pufrobo\" >\n\t<div class=\"modula-item-overlay\"><\/div>\n\n\t<div class=\"modula-item-content\">\n\n\t\t\t\t\n\t\t\t\t\t<a data-image-id=\"359\" rel=\"jtg-155\" data-caption=\"\" aria-label=\"Open image in lightbox\" class=\"tile-inner modula-item-link\"><\/a>\n\t\t\n\t\t<img class=\"pic wp-image-359 lazyload\"  data-valign=\"middle\" data-halign=\"center\" alt=\"\" data-full=\"https:\/\/josteit-rohrreinigung.de\/wp-content\/uploads\/2024\/11\/IMG_9287.jpeg\" title=\"IMG_9287\" width=\"225\" height=\"300\" data-src=\"https:\/\/josteit-rohrreinigung.de\/wp-content\/uploads\/2024\/11\/IMG_9287-225x300.jpeg\" data-caption=\"\" data-source=\"modula\" data-srcset=\"https:\/\/josteit-rohrreinigung.de\/wp-content\/uploads\/2024\/11\/IMG_9287.jpeg 1536w, https:\/\/josteit-rohrreinigung.de\/wp-content\/uploads\/2024\/11\/IMG_9287-225x300.jpeg 225w, https:\/\/josteit-rohrreinigung.de\/wp-content\/uploads\/2024\/11\/IMG_9287-768x1024.jpeg 768w, https:\/\/josteit-rohrreinigung.de\/wp-content\/uploads\/2024\/11\/IMG_9287-1152x1536.jpeg 1152w\" data-sizes=\"(max-width: 225px) 100vw, 225px\" srcset=\"https:\/\/josteit-rohrreinigung.de\/wp-content\/uploads\/2024\/11\/IMG_9287-225x300.jpeg 225w, https:\/\/josteit-rohrreinigung.de\/wp-content\/uploads\/2024\/11\/IMG_9287-768x1024.jpeg 768w, https:\/\/josteit-rohrreinigung.de\/wp-content\/uploads\/2024\/11\/IMG_9287-1152x1536.jpeg 1152w, https:\/\/josteit-rohrreinigung.de\/wp-content\/uploads\/2024\/11\/IMG_9287.jpeg 1536w\" sizes=\"(max-width: 225px) 100vw, 225px\" \/>\n\t\t<div class=\"figc no-description\">\n\t\t\t<div class=\"figc-inner\">\n\t\t\t\t\t\t\t\t\t\t\t\t\t\t\t<\/div>\n\t\t<\/div>\n\n\t<\/div>\n\n<\/div><div class=\"modula-item effect-pufrobo\" >\n\t<div class=\"modula-item-overlay\"><\/div>\n\n\t<div class=\"modula-item-content\">\n\n\t\t\t\t\n\t\t\t\t\t<a data-image-id=\"360\" rel=\"jtg-155\" data-caption=\"\" aria-label=\"Open image in lightbox\" class=\"tile-inner modula-item-link\"><\/a>\n\t\t\n\t\t<img class=\"pic wp-image-360 lazyload\"  data-valign=\"middle\" data-halign=\"center\" alt=\"\" data-full=\"https:\/\/josteit-rohrreinigung.de\/wp-content\/uploads\/2024\/11\/IMG_9288.jpeg\" title=\"IMG_9288\" width=\"225\" height=\"300\" data-src=\"https:\/\/josteit-rohrreinigung.de\/wp-content\/uploads\/2024\/11\/IMG_9288-225x300.jpeg\" data-caption=\"\" data-source=\"modula\" data-srcset=\"https:\/\/josteit-rohrreinigung.de\/wp-content\/uploads\/2024\/11\/IMG_9288.jpeg 1536w, https:\/\/josteit-rohrreinigung.de\/wp-content\/uploads\/2024\/11\/IMG_9288-225x300.jpeg 225w, https:\/\/josteit-rohrreinigung.de\/wp-content\/uploads\/2024\/11\/IMG_9288-768x1024.jpeg 768w, https:\/\/josteit-rohrreinigung.de\/wp-content\/uploads\/2024\/11\/IMG_9288-1152x1536.jpeg 1152w\" data-sizes=\"(max-width: 225px) 100vw, 225px\" srcset=\"https:\/\/josteit-rohrreinigung.de\/wp-content\/uploads\/2024\/11\/IMG_9288-225x300.jpeg 225w, https:\/\/josteit-rohrreinigung.de\/wp-content\/uploads\/2024\/11\/IMG_9288-768x1024.jpeg 768w, https:\/\/josteit-rohrreinigung.de\/wp-content\/uploads\/2024\/11\/IMG_9288-1152x1536.jpeg 1152w, https:\/\/josteit-rohrreinigung.de\/wp-content\/uploads\/2024\/11\/IMG_9288.jpeg 1536w\" sizes=\"(max-width: 225px) 100vw, 225px\" \/>\n\t\t<div class=\"figc no-description\">\n\t\t\t<div class=\"figc-inner\">\n\t\t\t\t\t\t\t\t\t\t\t\t\t\t\t<\/div>\n\t\t<\/div>\n\n\t<\/div>\n\n<\/div><div class=\"modula-item effect-pufrobo\" >\n\t<div class=\"modula-item-overlay\"><\/div>\n\n\t<div class=\"modula-item-content\">\n\n\t\t\t\t\n\t\t\t\t\t<a data-image-id=\"361\" rel=\"jtg-155\" data-caption=\"\" aria-label=\"Open image in lightbox\" class=\"tile-inner modula-item-link\"><\/a>\n\t\t\n\t\t<img class=\"pic wp-image-361 lazyload\"  data-valign=\"middle\" data-halign=\"center\" alt=\"\" data-full=\"https:\/\/josteit-rohrreinigung.de\/wp-content\/uploads\/2024\/11\/IMG_9408.jpeg\" title=\"IMG_9408\" width=\"225\" height=\"300\" data-src=\"https:\/\/josteit-rohrreinigung.de\/wp-content\/uploads\/2024\/11\/IMG_9408-225x300.jpeg\" data-caption=\"\" data-source=\"modula\" data-srcset=\"https:\/\/josteit-rohrreinigung.de\/wp-content\/uploads\/2024\/11\/IMG_9408.jpeg 1536w, https:\/\/josteit-rohrreinigung.de\/wp-content\/uploads\/2024\/11\/IMG_9408-225x300.jpeg 225w, https:\/\/josteit-rohrreinigung.de\/wp-content\/uploads\/2024\/11\/IMG_9408-768x1024.jpeg 768w, https:\/\/josteit-rohrreinigung.de\/wp-content\/uploads\/2024\/11\/IMG_9408-1152x1536.jpeg 1152w\" data-sizes=\"(max-width: 225px) 100vw, 225px\" srcset=\"https:\/\/josteit-rohrreinigung.de\/wp-content\/uploads\/2024\/11\/IMG_9408-225x300.jpeg 225w, https:\/\/josteit-rohrreinigung.de\/wp-content\/uploads\/2024\/11\/IMG_9408-768x1024.jpeg 768w, https:\/\/josteit-rohrreinigung.de\/wp-content\/uploads\/2024\/11\/IMG_9408-1152x1536.jpeg 1152w, https:\/\/josteit-rohrreinigung.de\/wp-content\/uploads\/2024\/11\/IMG_9408.jpeg 1536w\" sizes=\"(max-width: 225px) 100vw, 225px\" \/>\n\t\t<div class=\"figc no-description\">\n\t\t\t<div class=\"figc-inner\">\n\t\t\t\t\t\t\t\t\t\t\t\t\t\t\t<\/div>\n\t\t<\/div>\n\n\t<\/div>\n\n<\/div><div class=\"modula-item effect-pufrobo\" >\n\t<div class=\"modula-item-overlay\"><\/div>\n\n\t<div class=\"modula-item-content\">\n\n\t\t\t\t\n\t\t\t\t\t<a data-image-id=\"362\" rel=\"jtg-155\" data-caption=\"\" aria-label=\"Open image in lightbox\" class=\"tile-inner modula-item-link\"><\/a>\n\t\t\n\t\t<img class=\"pic wp-image-362 lazyload\"  data-valign=\"middle\" data-halign=\"center\" alt=\"\" data-full=\"https:\/\/josteit-rohrreinigung.de\/wp-content\/uploads\/2024\/11\/IMG_9409.jpeg\" title=\"IMG_9409\" width=\"225\" height=\"300\" data-src=\"https:\/\/josteit-rohrreinigung.de\/wp-content\/uploads\/2024\/11\/IMG_9409-225x300.jpeg\" data-caption=\"\" data-source=\"modula\" data-srcset=\"https:\/\/josteit-rohrreinigung.de\/wp-content\/uploads\/2024\/11\/IMG_9409.jpeg 1536w, https:\/\/josteit-rohrreinigung.de\/wp-content\/uploads\/2024\/11\/IMG_9409-225x300.jpeg 225w, https:\/\/josteit-rohrreinigung.de\/wp-content\/uploads\/2024\/11\/IMG_9409-768x1024.jpeg 768w, https:\/\/josteit-rohrreinigung.de\/wp-content\/uploads\/2024\/11\/IMG_9409-1152x1536.jpeg 1152w\" data-sizes=\"(max-width: 225px) 100vw, 225px\" srcset=\"https:\/\/josteit-rohrreinigung.de\/wp-content\/uploads\/2024\/11\/IMG_9409-225x300.jpeg 225w, https:\/\/josteit-rohrreinigung.de\/wp-content\/uploads\/2024\/11\/IMG_9409-768x1024.jpeg 768w, https:\/\/josteit-rohrreinigung.de\/wp-content\/uploads\/2024\/11\/IMG_9409-1152x1536.jpeg 1152w, https:\/\/josteit-rohrreinigung.de\/wp-content\/uploads\/2024\/11\/IMG_9409.jpeg 1536w\" sizes=\"(max-width: 225px) 100vw, 225px\" \/>\n\t\t<div class=\"figc no-description\">\n\t\t\t<div class=\"figc-inner\">\n\t\t\t\t\t\t\t\t\t\t\t\t\t\t\t<\/div>\n\t\t<\/div>\n\n\t<\/div>\n\n<\/div><div class=\"modula-item effect-pufrobo\" >\n\t<div class=\"modula-item-overlay\"><\/div>\n\n\t<div class=\"modula-item-content\">\n\n\t\t\t\t\n\t\t\t\t\t<a data-image-id=\"363\" rel=\"jtg-155\" data-caption=\"\" aria-label=\"Open image in lightbox\" class=\"tile-inner modula-item-link\"><\/a>\n\t\t\n\t\t<img class=\"pic wp-image-363 lazyload\"  data-valign=\"middle\" data-halign=\"center\" alt=\"\" data-full=\"https:\/\/josteit-rohrreinigung.de\/wp-content\/uploads\/2024\/11\/IMG_9414-1.jpeg\" title=\"IMG_9414\" width=\"225\" height=\"300\" data-src=\"https:\/\/josteit-rohrreinigung.de\/wp-content\/uploads\/2024\/11\/IMG_9414-1-225x300.jpeg\" data-caption=\"\" data-source=\"modula\" data-srcset=\"https:\/\/josteit-rohrreinigung.de\/wp-content\/uploads\/2024\/11\/IMG_9414-1.jpeg 1536w, https:\/\/josteit-rohrreinigung.de\/wp-content\/uploads\/2024\/11\/IMG_9414-1-225x300.jpeg 225w, https:\/\/josteit-rohrreinigung.de\/wp-content\/uploads\/2024\/11\/IMG_9414-1-768x1024.jpeg 768w, https:\/\/josteit-rohrreinigung.de\/wp-content\/uploads\/2024\/11\/IMG_9414-1-1152x1536.jpeg 1152w\" data-sizes=\"(max-width: 225px) 100vw, 225px\" srcset=\"https:\/\/josteit-rohrreinigung.de\/wp-content\/uploads\/2024\/11\/IMG_9414-1-225x300.jpeg 225w, https:\/\/josteit-rohrreinigung.de\/wp-content\/uploads\/2024\/11\/IMG_9414-1-768x1024.jpeg 768w, https:\/\/josteit-rohrreinigung.de\/wp-content\/uploads\/2024\/11\/IMG_9414-1-1152x1536.jpeg 1152w, https:\/\/josteit-rohrreinigung.de\/wp-content\/uploads\/2024\/11\/IMG_9414-1.jpeg 1536w\" sizes=\"(max-width: 225px) 100vw, 225px\" \/>\n\t\t<div class=\"figc no-description\">\n\t\t\t<div class=\"figc-inner\">\n\t\t\t\t\t\t\t\t\t\t\t\t\t\t\t<\/div>\n\t\t<\/div>\n\n\t<\/div>\n\n<\/div><div class=\"modula-item effect-pufrobo\" >\n\t<div class=\"modula-item-overlay\"><\/div>\n\n\t<div class=\"modula-item-content\">\n\n\t\t\t\t\n\t\t\t\t\t<a data-image-id=\"364\" rel=\"jtg-155\" data-caption=\"\" aria-label=\"Open image in lightbox\" class=\"tile-inner modula-item-link\"><\/a>\n\t\t\n\t\t<img class=\"pic wp-image-364 lazyload\"  data-valign=\"middle\" data-halign=\"center\" alt=\"\" data-full=\"https:\/\/josteit-rohrreinigung.de\/wp-content\/uploads\/2024\/11\/IMG_9676_2.jpg\" title=\"IMG_9676_2\" width=\"225\" height=\"300\" data-src=\"https:\/\/josteit-rohrreinigung.de\/wp-content\/uploads\/2024\/11\/IMG_9676_2-225x300.jpg\" data-caption=\"\" data-source=\"modula\" data-srcset=\"https:\/\/josteit-rohrreinigung.de\/wp-content\/uploads\/2024\/11\/IMG_9676_2-scaled.jpg 1920w, https:\/\/josteit-rohrreinigung.de\/wp-content\/uploads\/2024\/11\/IMG_9676_2-scaled-225x300.jpg 225w, https:\/\/josteit-rohrreinigung.de\/wp-content\/uploads\/2024\/11\/IMG_9676_2-768x1024.jpg 768w, https:\/\/josteit-rohrreinigung.de\/wp-content\/uploads\/2024\/11\/IMG_9676_2-1152x1536.jpg 1152w, https:\/\/josteit-rohrreinigung.de\/wp-content\/uploads\/2024\/11\/IMG_9676_2-1536x2048.jpg 1536w\" data-sizes=\"(max-width: 225px) 100vw, 225px\" srcset=\"https:\/\/josteit-rohrreinigung.de\/wp-content\/uploads\/2024\/11\/IMG_9676_2-225x300.jpg 225w, https:\/\/josteit-rohrreinigung.de\/wp-content\/uploads\/2024\/11\/IMG_9676_2-768x1024.jpg 768w, https:\/\/josteit-rohrreinigung.de\/wp-content\/uploads\/2024\/11\/IMG_9676_2-1152x1536.jpg 1152w, https:\/\/josteit-rohrreinigung.de\/wp-content\/uploads\/2024\/11\/IMG_9676_2-1536x2048.jpg 1536w, https:\/\/josteit-rohrreinigung.de\/wp-content\/uploads\/2024\/11\/IMG_9676_2-scaled.jpg 1920w\" sizes=\"(max-width: 225px) 100vw, 225px\" \/>\n\t\t<div class=\"figc no-description\">\n\t\t\t<div class=\"figc-inner\">\n\t\t\t\t\t\t\t\t\t\t\t\t\t\t\t<\/div>\n\t\t<\/div>\n\n\t<\/div>\n\n<\/div>\t\t\n\t<\/div>\n\n\t\n\t\n\t<script type=\"application\/ld+json\">\n\t{\n\t\t\"@context\": \"http:\/\/schema.org\",\n\t\t\"@type\"   : \"ImageGallery\",\n\t\t\"id\"      : \"https:\/\/josteit-rohrreinigung.de\",\n\t\t\"url\"     : \"https:\/\/josteit-rohrreinigung.de\"\n\t}\n\n    <\/script>\n\n\t\n<\/div>\n<p>&nbsp;<\/p>\n<p>&nbsp;<\/p>\n","protected":false},"excerpt":{"rendered":"<p>Abwassersysteme haben die Aufgabe, Schmutz- und Regenwasser abzuleiten. Im Verlauf der Zeit sammeln sich in den Rohrleitungen verschiedene Ablagerungen an, die den ungehinderten Abfluss des Abwassers behindern k\u00f6nnen. Um sicherzustellen, dass die Leitungen kontinuierlich eine optimale Transportkapazit\u00e4t aufweisen oder um akute Probleme zu l\u00f6sen, kann eine Hochdrucksp\u00fclung erforderlich sein. Dabei wird ein Hochdruckschlauch entweder durch [&hellip;]<\/p>\n","protected":false},"author":1,"featured_media":0,"parent":0,"menu_order":0,"comment_status":"closed","ping_status":"closed","template":"","meta":{"inline_featured_image":false,"footnotes":""},"class_list":["post-103","page","type-page","status-publish","hentry"],"_links":{"self":[{"href":"https:\/\/josteit-rohrreinigung.de\/index.php?rest_route=\/wp\/v2\/pages\/103","targetHints":{"allow":["GET"]}}],"collection":[{"href":"https:\/\/josteit-rohrreinigung.de\/index.php?rest_route=\/wp\/v2\/pages"}],"about":[{"href":"https:\/\/josteit-rohrreinigung.de\/index.php?rest_route=\/wp\/v2\/types\/page"}],"author":[{"embeddable":true,"href":"https:\/\/josteit-rohrreinigung.de\/index.php?rest_route=\/wp\/v2\/users\/1"}],"replies":[{"embeddable":true,"href":"https:\/\/josteit-rohrreinigung.de\/index.php?rest_route=%2Fwp%2Fv2%2Fcomments&post=103"}],"version-history":[{"count":5,"href":"https:\/\/josteit-rohrreinigung.de\/index.php?rest_route=\/wp\/v2\/pages\/103\/revisions"}],"predecessor-version":[{"id":200,"href":"https:\/\/josteit-rohrreinigung.de\/index.php?rest_route=\/wp\/v2\/pages\/103\/revisions\/200"}],"wp:attachment":[{"href":"https:\/\/josteit-rohrreinigung.de\/index.php?rest_route=%2Fwp%2Fv2%2Fmedia&parent=103"}],"curies":[{"name":"wp","href":"https:\/\/api.w.org\/{rel}","templated":true}]}}